at is n(-13)?
3
Let w(j) = -j - 50. Give w(-7).
-43
Let t(k) = -k**3 - 6*k**2 - 8*k + 5. What is t(-4)?
5
Let s(j) = j**3 - 6*j**2 - 21*j + 45. Determine s(8).
5
Let a(o) = o**3 - 24*o**2 - 23*o - 58. Determine a(25).
-8
Let k(i) = 3*i**2 - 18*i + 9. Give k(6).
9
Let n(a) = -2*a + 16. Give n(12).
-8
Let z(b) = 47*b + 233. Determine z(-5).
-2
Let o(m) = m**3 + 4*m**2 + 6*m + 7. What is o(-2)?
3
Let w(y) = 3*y - 41. Determine w(11).
-8
Let x(q) = -48*q + 246. Give x(5).
6
Let x(t) = -t**3 + 7*t**2 + 9*t - 48. Give x(4).
36
Let d(m) = m**2 + 11*m - 66. What is d(-12)?
-54
Let k(r) = -r**3 + 2*r**2 - 3*r + 62. Give k(0).
62
Let t(c) = -12*c - 46. What is t(-4)?
2
Let i(z) = 2*z**2 + 3*z - 81. What is i(-7)?
-4
Let g(u) = -4*u**3 - 19*u**2. Give g(-5).
25
Let j(u) = u**3 + 4*u**2 - 45*u - 4. Give j(5).
-4
Let t(b) = -b + 9. What is t(-6)?
15
Let b(k) = k**2 + 9*k - 11. Give b(-5).
-31
Let c(f) = -f**3 - 6*f**2 + 1. Give c(-6).
1
Let g(o) = -2*o**2 - 36*o + 29. Determine g(-20).
-51
Let x(b) = 27*b + 18. Give x(3).
99
Let d(y) = y**2 - 22*y + 21. What is d(22)?
21
Let r(i) = i**2 - 7*i + 8. Give r(4).
-4
Let t(g) = -g**3 + 18*g**2 - 17*g + 12. Calculate t(17).
12
Let w(r) = -13*r - 481. Calculate w(-37).
0
Let v(b) = 2*b**2 + 12*b + 11. Calculate v(0).
11
Let f(j) = 2*j**3 + 4*j**2 - 2*j - 5. Determine f(3).
79
Let h(t) = -t**2 - 7*t - 7. Determine h(-10).
-37
Let l(t) = t**3 + 6*t**2 - t - 10. What is l(-6)?
-4
Let n(f) = f**2 - 12. What is n(7)?
37
Let s(m) = -2*m**2 + 32*m - 10. Give s(18).
-82
Let z(m) = 3*m**3 - 2*m**2 + m. Determine z(1).
2
Let q(c) = -c**2 - 7*c + 13. Give q(-8).
5
Let f(a) = a**2 - 7*a + 5. Give f(8).
13
Let u(g) = 10*g + 10. Calculate u(-5).
-40
Let s(w) = -w**3 - 4*w**2 - 4*w - 3. What is s(-3)?
0
Let n(o) = 2*o**2 - 17*o - 35. Give n(12).
49
Let i(a) = a - 1. Give i(-1).
-2
Let f(g) = -4*g**2 - g - 2. Give f(-2).
-16
Let b(r) = -6*r + 27. Determine b(3).
9
Let l(b) = -8*b + 4. Determine l(5).
-36
Let f(h) = 6*h - 163. What is f(26)?
-7
Let p(x) = -x**3 + 2*x**2 + 5*x - 6. Give p(3).
0
Let v(a) = -a**2 - 17*a + 21. Determine v(-18).
3
Let y(a) = a - 15. Give y(15).
0
Let v(p) = p**2 + 3*p - 9. Determine v(3).
9
Let p(m) = 2*m**2 - 5*m + 11. Determine p(5).
36
Let u(r) = -5*r + 15. Determine u(4).
-5
Let w(n) = 11*n + 19. Calculate w(-6).
-47
Let f(t) = 23*t - 154. Calculate f(7).
7
Let j(i) = -i**2 + 25*i - 36. Determine j(9).
108
Let x(b) = -130*b - 640. Determine x(-5).
10
Let h(i) = 9*i**2 - 45*i + 5. Determine h(5).
5
Let t(q) = -50*q - 212. Determine t(-4).
-12
Let i(s) = 27*s + 15. What is i(1)?
42
Let c(v) = 3*v**2 - 52*v + 192. Give c(6).
-12
Let u(m) = -2*m - 4. Determine u(3).
-10
Let f(x) = x**3 + x**2 + x + 1. Calculate f(2).
15
Let v(t) = t - 1. Give v(-6).
-7
Let i(f) = f**3 + 7*f**2 + f + 14. Calculate i(-6).
44
Let a(m) = m**3 - 14*m**2 + 2*m - 36. Calculate a(14).
-8
Let h(i) = -7*i + 312. What is h(44)?
4
Let y(q) = -q + 2. Give y(7).
-5
Let k(p) = -p**3 - 6*p**2 - p - 2. What is k(-4)?
-30
Let y(i) = i**3 + 4*i**2 + 2*i - 3. Give y(-3).
0
Let q(n) = -39*n + 70. Determine q(2).
-8
Let b(x) = -x**2 + 11*x + 14. What is b(12)?
2
Let i(o) = o**2 + o - 19. Give i(-5).
1
Let y(r) = -r**3 - 11*r**2 - 16*r - 12. Calculate y(-10).
48
Let x(r) = r**2 + 10*r - 11. What is x(-8)?
-27
Let n(g) = 81*g + 577. Determine n(-7).
10
Let u(z) = -z**3 + 20*z + 4. Determine u(-5).
29
Let i(j) = -9*j**2 + 6*j + 14. Calculate i(-4).
-154
Let y(g) = -2*g**3 + 4*g**2 - g + 1. What is y(3)?
-20
Let o(l) = -8*l - 19. Give o(-5).
21
Let w(a) = a**2 + 4*a - 3. What is w(-6)?
9
Let g(h) = 4*h + 10. Determine g(-7).
-18
Let s(r) = 5*r + 5. Give s(0).
5
Let a(q) = -q**3 + 5*q**2 + 7*q. Determine a(6).
6
Let k(g) = g**3 + 14*g**2 + 2*g + 6. What is k(-14)?
-22
Let q(z) = z**3 + 18*z**2 - 11*z + 133. What is q(-19)?
-19
Let p(z) = -z**3 + 11*z**2 - 14*z + 6. Calculate p(6).
102
Let w(b) = b - 14. Calculate w(21).
7
Let z(v) = 8*v**3 - v**2 + 3*v - 1. Give z(1).
9
Let z(x) = -x**3 - 7*x**2 + 3. Give z(-7).
3
Let m(s) = -2*s**2 - 25*s - 44. Calculate m(-10).
6
Let p(u) = -3*u + 6. Give p(0).
6
Let f(z) = 3*z + 4. Give f(2).
10
Let y(u) = 2*u**3 - 153*u**2 - 75*u - 162. Calculate y(77).
-8
Let l(h) = -h**3 + 10*h**2 + 16*h - 51. What is l(11)?
4
Let i(j) = j**2 + 14*j + 12. Give i(-13).
-1
Let q(o) = 10*o + 107. What is q(-11)?
-3
Let f(r) = 18*r + 221. Calculate f(-12).
5
Let r(d) = d + 3. Determine r(16).
19
Let t(o) = 7*o**2 + 4. Give t(0).
4
Let x(i) = 6*i - 2. Determine x(10).
58
Let v(f) = -2*f + 21. Give v(7).
7
Let z(s) = -s**3 + 11*s**2 - 10*s + 8. Determine z(10).
8
Let o(d) = d - 4. What is o(0)?
-4
Let a(z) = 11*z - 11. Calculate a(2).
11
Let u(i) = -5*i**2 - 2*i. Give u(-1).
-3
Let s(l) = 3*l**2 - 19*l - 8. Determine s(7).
6
Let r(q) = q**3 - 10*q**2 + 19*q + 27. Determine r(7).
13
Let t(g) = g + 4. Calculate t(6).
10
Let s(i) = 4*i**2 - 2*i. Calculate s(2).
12
Let u(x) = -4*x + 6. What is u(2)?
-2
Let i(t) = 4*t + 3. Calculate i(8).
35
Let f(m) = m**3 + 7*m**2 + 5*m - 4. Calculate f(-6).
2
Let g(c) = -3*c**2 + 16. Determine g(6).
-92
Let f(c) = -44*c**2 - 2*c + 1. Give f(1).
-45
Let c(o) = 2*o - 8. Calculate c(5).
2
Let z(s) = -s**3 + 5*s**2 + 7*s - 3. Determine z(5).
32
Let n(v) = -67*v + 68. What is n(1)?
1
Let l(t) = -t**3 + 10*t**2 + 5. Give l(10).
5
Let l(t) = -6*t**2 + 5*t + 6. Determine l(-2).
-28
Let y(x) = -3*x**3 + x**2 + x. What is y(-2)?
26
Let y(w) = -w**3 + 10*w**2 + 9*w + 14. Determine y(11).
-8
Let c(i) = -i + 5. What is c(10)?
-5
Let v(r) = -r**3 - 9*r**2 - 7*r + 9. Determine v(-8).
1
Let l(s) = -s + 3. Determine l(4).
-1
Let o(r) = 3*r. Determine o(5).
15
Let c(s) = -s**2 + 10*s - 1. Calculate c(10).
-1
Let z(l) = -l**3 + 12*l**2 - 20*l - 7. Calculate z(10).
-7
Let j(m) = 16*m - 1. Calculate j(-4).
-65
Let x(k) = k**2 + 10*k + 6. Determine x(-6).
-18
Let f(w) = -w**2 - 14*w - 48. Give f(-8).
0
Let c(q) = 3*q**3 + 8*q - 7. Calculate c(1).
4
Let x(s) = s**2 - 22*s + 62. What is x(19)?
5
Let h(t) = -35*t - 227. Calculate h(-7).
18
Let r(n) = 2*n**3 + 5*n**2 + 5*n + 9. Determine r(-3).
-15
Let r(l) = l**3 - 16*l**2 + l - 14. Determine r(16).
2
Let h(b) = b**2 - 12*b + 15. Calculate h(10).
-5
Let d(y) = -4*y**2 + 7*y - 4. Give d(4).
-40
Let z(b) = b**2 - 14*b - 26. Determine z(16).
6
Let h(c) = 2*c**3 - 81*c**2 - 42*c + 58. Calculate h(41).
17
Let z(b) = 5*b - 7. Give z(2).
3
Let w(o) = -o**2 - 10*o - 7. Give w(-8).
9
Let j(o) = 10*o - 622. Determine j(63).
8
Let x(l) = -6*l + 2. Determine x(3).
-16
Let t(u) = -u**2 - 7*u - 11. What is t(-9)?
-29
Let o(n) = -12*n + 3. What is o(-3)?
39
Let h(y) = 10*y + 96. Determine h(-9).
6
Let d(m) = m**2 - 10*m - 26. Give d(10).
-26
Let g(p) = -11*p + 206. What is g(18)?
8
Let x(p) = p + 22. Calculate x(-24).
-2
Let v(j) = -j**3 + 8*j**2 + 10*j. Give v(9).
9
Let h(o) = -5*o - 10. Calculate h(6).
-40
Let l(u) = u**2 + u - 1. Determine l(-2).
1
Let a(n) = -7*n**2 + 61*n + 15. Give a(9).
-3
Let r(v) = -5*v + 8. Determine r(-3).
23
Let a(y) = -31*y + 10. Calculate a(-3).
103
Let u(m) = -m**3 + 17*m**2 - 28*m - 25. Determine u(15).
5
Let g(z) = z**2 - 11*z - 8. Calculate g(7).
-36
Let o(b) = -b**3 - 6*b**2 - 7*b - 6. Give o(-4).
-10
Let b(r) = -r**2 - 19*r - 83. Determine b(-9).
7
Let n(j) = -38*j + 99. Calculate n(3).
-15
Let t(h) = 3*h + 2. What is t(-7)?
-19
Let o(m) = m**3 + 8*m**2 + 7*m + 2. Determine o(-7).
2
Let d(a) = -2*a**3 - 2*a**2 - 6*a - 29. What is d(-3)?
25
Let q(p) = p**3 + 3*p**2 + 4*p + 3. Calculate q(-2).
-1
Let j(x) = -9*x + 32. What is j(3)?
5
Let x(a) = -68*a + 69. Calculate x(1).
1
Let f(w) = -w**2 - 8*w + 3. Give f(0).
3
Let f(h) = -35*h - 162. Determine f(-5).
13
Let i(k) = k**3 - 2*k**2 - 9*k - 10. What is i(0)?
-10
Let a(l) = -l**3 - 8*l**2 - 6*l + 2. Calculate a(-7).
-5
Let h(i) = i**2 + 12*i - 27. Calculate h(-14).
1
Let j(b) = b**3 - 2*b**2 - 4*b. Give j(3).
-3
Let g(z) = -32*z + 85. Calculate g(3).
-11
Let u(w) = -w**3 + 16*w**2 + 2*w - 30. Determine u(16).
2
Let y(c) = c**2 + 16*c + 60. Determine y(-12).
12
Let z(h) = -2*h + 23. Give z(9).
5
Let m(o) = -6*o**3 - 2*o**2 - 3*o - 3. What is m(-2)?
43
Let x(s) = -s**2 + 9*s + 9. Determine x(9).
9
Let d(j) = -j**3 - 7*j**2 - 6*j + 9. Calculate d(-6).
9
Let k(w) = 2*w**2 - 7*w + 1. Give k(5).
16
Let g(